MONTHLY CLIMATOLOGICAL SUMMARY for APR. 2024 NAME: North Bend Weather CITY: North Bend STATE: Washington ELEV: 442 LAT: 047:30:00 LONG: 0121:46:06 TEMPERATURE ( °F), RAIN (in.), WIND SPEED (mph) HEAT COOL AVG MEAN DEG DEG WIND DOM DAY TEMP HIGH TIME LOW TIME DAYS DAYS RAIN SPEED HIGH TIME DIR -------------------------------------------------------------------------------------------------------- 01 50.4 067.5 15:25 36.9 04:36 14.6 00.0 00.00 01.6 10.3 17:55 WNW 02 58.6 075.4 15:18 45.8 05:39 06.3 00.0 00.23 02.8 17.3 23:07 WSW 03 45.3 052.6 12:40 36.4 00:00 19.6 00.0 00.32 01.3 14.9 04:37 NNW 04 39.0 043.1 14:33 33.6 04:47 26.0 00.0 00.17 01.0 10.3 14:12 NW 05 42.0 045.7 17:38 39.5 00:36 23.0 00.0 00.09 00.8 11.5 22:01 SSE 06 46.5 052.2 13:42 42.4 00:19 18.4 00.0 00.13 01.7 14.9 02:58 SE 07 46.6 054.5 14:19 41.8 00:00 18.4 00.0 00.17 01.3 17.3 15:15 SE 08 46.5 051.5 15:08 41.5 00:49 18.4 00.0 00.24 03.0 24.1 23:11 SE 09 50.4 055.1 16:26 44.6 00:00 14.6 00.0 00.22 02.8 21.9 00:03 WNW 10 48.8 064.5 15:16 35.5 04:48 16.2 00.0 00.00 01.9 12.7 15:52 WNW 11 49.2 062.0 12:57 38.8 02:52 15.7 00.0 00.06 01.5 12.7 13:47 NW 12 51.2 060.5 15:45 44.4 07:29 13.8 00.0 00.00 02.7 17.3 16:34 WNW 13 52.2 064.7 15:52 44.2 05:33 12.7 00.0 00.00 01.8 13.8 12:04 WNW 14 53.6 069.0 15:45 39.3 05:15 11.4 00.0 00.00 02.1 13.8 16:41 WNW 15 48.7 054.1 13:16 42.0 23:59 16.2 00.0 00.04 02.4 16.1 03:15 NW 16 42.4 051.0 16:15 34.7 00:00 22.6 00.0 00.22 01.6 17.3 13:13 NW 17 44.9 062.0 16:02 30.2 04:55 20.1 00.0 00.00 02.0 13.8 11:26 WNW 18 49.1 066.9 15:35 31.5 07:14 15.8 00.0 00.00 02.4 18.4 16:52 NW 19 57.1 067.5 14:55 40.7 00:01 07.8 00.0 00.00 05.7 24.1 13:51 ESE 20 58.3 074.6 15:01 46.6 22:14 06.7 00.0 00.08 07.0 28.8 09:45 ESE 21 50.4 060.2 14:02 44.1 03:24 14.6 00.0 00.02 02.4 19.6 01:17 W 22 49.7 065.7 15:38 33.9 06:42 15.3 00.0 00.00 02.5 16.1 17:57 WNW 23 57.3 074.9 13:57 38.8 03:19 07.6 00.0 00.00 02.7 20.7 10:07 NNW 24 49.2 054.9 13:00 42.8 02:12 15.8 00.0 00.18 01.2 17.3 09:10 SE -------------------------------------------------------------------------------------------------------- 49.5 (50.0) 75.4 day 02 30.2 day 17 371.5 000.0 02.18 02.3 28.8 day 20 WNW Min <= 64: 24 Min <= 64: 24 Min <= 0: 24 Max Rain: 0.32 ON 3-04-24 Days of Rain: 14 (> .008in) 10 (> .08in) 0 (> 0.8in)