MONTHLY CLIMATOLOGICAL SUMMARY for JAN. 2018

NAME: North Bend Weather   CITY: North Bend STATE: Washington
ELEV: 442 LAT: 047:30:00 LONG: 0121:46:06

                            TEMPERATURE ( F), RAIN (in.), WIND SPEED (mph)

                                               HEAT     COOL           AVG
      MEAN                                     DEG      DEG            WIND                       DOM
DAY   TEMP    HIGH   TIME     LOW    TIME      DAYS     DAYS    RAIN   SPEED    HIGH    TIME      DIR
--------------------------------------------------------------------------------------------------------
01    38.9   045.6   13:47    29.9   08:30     26.1     00.0   00.00   06.7     23.0    22:57     ESE
02    42.7   047.3   13:05    39.5   03:48     22.2     00.0   00.00   12.4     32.2    06:24     ESE
03    45.3   051.9   14:45    38.8   06:46     19.6     00.0   00.00   12.1     33.4    23:16     ESE
04    48.0   050.6   02:55    41.7   23:22     16.9     00.0   00.14   13.7     31.1    10:51     ESE
05    44.5   046.5   18:30    41.5   00:00     20.5     00.0   00.42   10.7     28.8    09:10     ESE
06    43.6   046.1   12:58    41.1   00:47     21.3     00.0   00.16   01.5     17.3    00:18      E 
07    42.0   045.4   13:57    40.1   08:43     22.9     00.0   00.38   02.4     17.3    10:51     ESE
08    44.2   048.2   15:06    41.1   08:20     20.8     00.0   00.21   03.9     19.6    21:58     ESE
09    42.2   043.7   00:40    37.7   23:19     22.7     00.0   00.87   02.5     18.4    21:37     ESE
10    42.0   044.5   12:45    38.9   22:46     23.0     00.0   00.28   02.6     19.6    06:24     ESE
11    42.7   049.3   00:00    39.2   01:58     22.2     00.0   02.27   05.7     27.6    12:24     ESE
12    49.0   053.0   04:27    45.2   00:00     16.0     00.0   00.49   02.7     25.3    04:22      NE
13    48.4   056.2   15:09    44.1   22:37     16.5     00.0   00.16   01.3     19.6    23:57     ESE
14    56.3   060.5   12:17    52.0   00:21     08.7     00.0   00.00   11.7     34.5    12:02     ESE
15    56.2   060.2   14:39    50.5   23:36     08.8     00.0   00.01   13.4     36.8    15:31     ESE
16    48.1   053.5   13:02    44.4   19:18     16.9     00.0   00.24   03.8     23.0    21:58     ESE
--------------------------------------------------------------------------------------------------------
45.9 (45.9)   60.5  day 14     29.9  day 01   305.1    000.0   05.64   06.7     36.8   day 15     ESE
Min <=  64: 16
Min <=   64: 16
Min <=   0: 16
Max Rain: 2.27 ON 11-01-18
Days of Rain: 12 (> .008in) 11 (> .08in) 2 (> 0.8in)