MONTHLY CLIMATOLOGICAL SUMMARY for NOV. 2017

NAME: North Bend Weather   CITY: North Bend STATE: Washington
ELEV: 442 LAT: 047:30:00 LONG: 0121:46:06

                            TEMPERATURE ( F), RAIN (in.), WIND SPEED (mph)

                                               HEAT     COOL           AVG
      MEAN                                     DEG      DEG            WIND                       DOM
DAY   TEMP    HIGH   TIME     LOW    TIME      DAYS     DAYS    RAIN   SPEED    HIGH    TIME      DIR
--------------------------------------------------------------------------------------------------------
01    47.6   051.5   06:13    37.9   00:04     17.4     00.0   00.33   02.4     24.1    06:06     ESE
02    43.8   047.5   02:56    39.5   20:07     21.1     00.0   00.69   02.6     21.9    01:19     ESE
03    35.9   042.5   00:03    32.9   08:34     29.1     00.0   00.20   01.5     13.8    00:23     WNW
04    35.8   039.9   13:46    34.2   07:48     29.1     00.0   00.12   00.9     12.7    23:45      E 
05    34.7   037.6   03:37    32.6   16:08     30.3     00.0   00.90   01.6     12.7    06:29      E 
06    37.7   046.7   13:52    32.2   07:32     27.3     00.0   00.00   03.2     24.1    23:40      E 
07    43.1   046.9   23:44    38.7   00:15     21.9     00.0   00.00   10.7     32.2    21:49     ESE
08    48.3   052.4   14:20    42.9   17:08     16.6     00.0   00.04   12.8     40.3    11:19     ESE
09    45.8   050.2   09:31    41.0   18:36     19.1     00.0   00.65   06.1     27.6    02:45     ESE
10    44.8   053.9   13:54    38.3   23:36     20.1     00.0   00.00   01.7     12.7    03:11     ESE
11    47.2   051.9   12:14    39.1   00:01     17.7     00.0   00.06   06.8     24.1    12:48     ESE
12    49.0   054.2   23:51    45.1   06:07     16.0     00.0   00.32   07.6     27.6    23:56     ESE
13    49.9   055.4   02:06    43.5   21:13     15.1     00.0   01.75   07.6     49.5    17:20     ESE
14    48.1   053.0   21:48    42.2   07:31     16.9     00.0   00.14   05.7     23.0    19:20     ESE
15    42.8   050.2   02:18    40.6   23:17     22.1     00.0   01.01   04.4     23.0    03:43     ESE
16    41.6   045.0   03:11    39.3   17:26     23.3     00.0   00.54   02.1     14.9    00:00     ESE
17    44.8   047.3   15:36    42.0   00:01     20.2     00.0   00.05   03.0     24.1    01:41      SE
18    44.4   052.7   13:02    39.9   21:27     20.6     00.0   00.00   02.7     11.5    17:09     ESE
--------------------------------------------------------------------------------------------------------
43.6 (43.9)   55.4  day 13     32.2  day 06   383.8    000.0   06.81   04.6     49.5   day 13     ESE
Min <=  64: 18
Min <=   64: 18
Min <=   0: 18
Max Rain: 1.75 ON 13-11-17
Days of Rain: 14 (> .008in) 11 (> .08in) 3 (> 0.8in)