MONTHLY CLIMATOLOGICAL SUMMARY for OCT. 2018

NAME: North Bend Weather   CITY: North Bend STATE: Washington
ELEV: 442 LAT: 047:30:00 LONG: 0121:46:06

                            TEMPERATURE ( F), RAIN (in.), WIND SPEED (mph)

                                               HEAT     COOL           AVG
      MEAN                                     DEG      DEG            WIND                       DOM
DAY   TEMP    HIGH   TIME     LOW    TIME      DAYS     DAYS    RAIN   SPEED    HIGH    TIME      DIR
--------------------------------------------------------------------------------------------------------
01    58.0   063.5   13:54    53.2   01:04     06.9     00.0   00.42   02.6     17.3    02:31     ESE
02    52.4   057.7   13:51    43.4   00:00     12.6     00.0   00.42   02.1     21.9    11:28      E 
03    46.1   057.2   15:06    35.4   07:46     18.9     00.0   00.01   01.0     11.5    13:13     NNW
04    48.2   058.6   16:46    42.2   06:28     16.7     00.0   00.00   00.7     09.2    13:35      NE
05    45.4   049.9   12:30    40.2   03:31     19.5     00.0   00.70   01.4     13.8    22:26     ESE
06    46.8   053.9   16:34    41.6   23:56     18.2     00.0   00.00   00.4     05.8    15:23      E 
07    49.3   055.8   15:40    41.9   00:02     15.6     00.0   00.01   00.6     06.9    08:02     ESE
08    52.4   055.3   12:50    49.9   06:10     12.5     00.0   00.49   00.2     03.5    23:50      NW
09    52.3   055.0   17:16    50.1   23:16     12.6     00.0   00.91   01.7     11.5    03:30     WNW
10    52.7   062.4   17:03    46.7   00:00     12.2     00.0   00.00   00.9     10.3    16:02     WNW
11    48.6   061.8   15:55    37.2   08:05     16.4     00.0   00.00   01.1     11.5    15:38     WSW
12    49.4   062.8   15:06    38.9   07:09     15.5     00.0   00.01   01.4     12.7    15:20      NW
13    47.7   059.3   16:54    38.8   04:56     17.3     00.0   00.00   01.3     12.7    15:22      W 
14    46.3   066.6   15:39    33.2   05:06     18.6     00.0   00.00   00.9     06.9    15:28     NNE
15    46.7   067.7   16:56    33.4   07:48     18.2     00.0   00.00   00.6     06.9    15:09      NW
--------------------------------------------------------------------------------------------------------
49.5 (50.5)   67.7  day 15     33.2  day 14   231.8    000.0   02.97   01.1     21.9   day 02      E 
Min <=  64: 15
Min <=   64: 15
Min <=   0: 15
Max Rain: 0.91 ON 9-10-18
Days of Rain: 8 (> .008in) 5 (> .08in) 1 (> 0.8in)