MONTHLY CLIMATOLOGICAL SUMMARY for AUG. 2018

NAME: North Bend Weather   CITY: North Bend STATE: Washington
ELEV: 442 LAT: 047:30:00 LONG: 0121:46:06

                            TEMPERATURE ( F), RAIN (in.), WIND SPEED (mph)

                                               HEAT     COOL           AVG
      MEAN                                     DEG      DEG            WIND                       DOM
DAY   TEMP    HIGH   TIME     LOW    TIME      DAYS     DAYS    RAIN   SPEED    HIGH    TIME      DIR
--------------------------------------------------------------------------------------------------------
01    64.6   077.8   17:24    56.1   04:00     00.3     00.0   00.00   01.3     11.5    14:54      W 
02    60.5   064.4   17:16    55.9   01:41     04.5     00.0   00.00   00.3     05.8    22:00     WNW
03    61.8   070.6   18:41    56.8   00:00     03.1     00.0   00.00   00.8     09.2    12:03     NNW
04    63.5   079.2   18:19    51.2   05:26     01.5     00.0   00.00   01.6     13.8    13:58     WSW
05    67.4   085.4   17:38    50.8   06:44     00.0     02.4   00.00   01.4     11.5    17:09      W 
06    69.7   086.3   17:27    53.6   06:27     00.0     04.8   00.00   01.7     12.7    16:17      W 
07    70.7   088.8   17:22    54.0   07:11     00.0     05.8   00.00   01.7     13.8    14:50      W 
08    73.3   092.9   16:45    55.8   05:55     00.0     08.4   00.00   01.2     11.5    15:51      W 
09    73.6   091.0   17:14    59.2   06:38     00.0     08.6   00.00   01.3     12.7    14:48      W 
10    72.2   086.7   16:35    59.0   06:22     00.0     07.3   00.00   01.3     11.5    23:32     WNW
11    65.5   072.9   15:26    61.5   21:19     00.0     00.5   00.06   00.7     12.7    13:21      N 
12    65.1   072.3   15:46    59.1   06:59     00.0     00.1   00.01   01.5     11.5    16:10      W 
13    63.8   078.5   16:14    50.4   06:11     01.1     00.0   00.00   01.6     13.8    14:25      W 
14    67.6   085.0   16:28    53.0   07:11     00.0     02.7   00.00   01.3     11.5    16:50     WSW
15    68.9   084.8   16:43    54.3   06:31     00.0     04.0   00.00   01.3     11.5    16:01     WSW
16    63.9   074.6   16:54    54.6   06:37     01.0     00.0   00.00   01.6     16.1    13:44     WSW
17    61.9   074.5   18:00    55.1   02:50     03.1     00.0   00.00   01.2     11.5    15:50      W 
18    62.7   079.0   17:37    48.4   06:46     02.2     00.0   00.00   01.1     11.5    15:48      W 
19    64.5   078.2   16:34    52.0   06:41     00.4     00.0   00.00   01.1     11.5    12:46     WSW
20    64.6   077.0   14:56    53.2   06:36     00.4     00.0   00.00   00.7     11.5    12:52     WNW
--------------------------------------------------------------------------------------------------------
66.3 (67.3)   92.9  day 08     48.4  day 18   017.5    044.6   00.07   01.2     16.1   day 13      W 
Max >=  86: 5
Min <=  64: 20
Min <=   64: 20
Min <=   0: 20
Max Rain: 0.06 ON 11-08-18
Days of Rain: 2 (> .008in) 0 (> .08in) 0 (> 0.8in)