MONTHLY CLIMATOLOGICAL SUMMARY for DEC. 2018

NAME: North Bend Weather   CITY: North Bend STATE: Washington
ELEV: 442 LAT: 047:30:00 LONG: 0121:46:06

                            TEMPERATURE ( F), RAIN (in.), WIND SPEED (mph)

                                               HEAT     COOL           AVG
      MEAN                                     DEG      DEG            WIND                       DOM
DAY   TEMP    HIGH   TIME     LOW    TIME      DAYS     DAYS    RAIN   SPEED    HIGH    TIME      DIR
--------------------------------------------------------------------------------------------------------
01    39.3   042.4   15:28    35.8   07:19     25.6     00.0   00.05   00.0     03.5    16:01     NNE
02    39.2   044.2   14:49    31.8   23:00     25.7     00.0   00.00   00.1     04.6    16:03      W 
03    34.4   046.9   14:15    28.6   08:11     30.6     00.0   00.01   00.8     14.9    22:16      E 
04    38.4   047.8   12:26    29.4   23:12     26.5     00.0   00.00   03.7     19.6    09:38     ESE
05    35.0   045.8   12:20    24.8   08:28     29.9     00.0   00.00   04.6     26.4    23:50      E 
06    38.8   042.6   13:23    36.2   04:30     26.1     00.0   00.00   08.5     33.4    13:57     ESE
07    38.7   042.7   13:07    36.7   03:28     26.2     00.0   00.00   12.8     33.4    11:18     ESE
08    40.5   043.9   23:49    37.9   01:11     24.4     00.0   00.00   12.3     31.1    23:34     ESE
09    41.6   046.2   07:23    37.7   22:31     23.3     00.0   01.20   12.3     34.5    04:13     ESE
10    41.2   044.9   14:00    37.7   02:33     23.8     00.0   00.21   03.9     19.6    00:42     ESE
--------------------------------------------------------------------------------------------------------
38.7 (39.2)   47.8  day 04     24.8  day 05   262.2    000.0   01.47   05.9     34.5   day 09     ESE
Min <=  64: 10
Min <=   64: 10
Min <=   0: 10
Max Rain: 1.20 ON 9-12-18
Days of Rain: 4 (> .008in) 2 (> .08in) 1 (> 0.8in)