MONTHLY CLIMATOLOGICAL SUMMARY for JUN. 2018

NAME: North Bend Weather   CITY: North Bend STATE: Washington
ELEV: 442 LAT: 047:30:00 LONG: 0121:46:06

                            TEMPERATURE ( F), RAIN (in.), WIND SPEED (mph)

                                               HEAT     COOL           AVG
      MEAN                                     DEG      DEG            WIND                       DOM
DAY   TEMP    HIGH   TIME     LOW    TIME      DAYS     DAYS    RAIN   SPEED    HIGH    TIME      DIR
--------------------------------------------------------------------------------------------------------
01    55.2   065.6   19:06    47.3   05:38     09.7     00.0   00.00   01.1     11.5    13:16     ESE
02    62.0   076.0   16:51    49.1   07:05     03.0     00.0   00.00   01.5     11.5    14:29      W 
03    55.9   065.4   13:32    48.6   05:12     09.1     00.0   00.00   01.6     11.5    13:44     WNW
04    53.8   063.8   16:32    47.8   06:13     11.1     00.0   00.01   00.7     10.3    16:55      NW
05    56.6   070.5   16:59    43.8   05:46     08.4     00.0   00.00   01.1     11.5    16:31     WNW
06    58.6   073.5   18:28    43.1   05:42     06.3     00.0   00.00   01.5     11.5    16:55     WNW
07    57.2   065.3   15:17    48.6   05:07     07.8     00.0   00.00   00.6     12.7    13:48      NW
08    56.9   063.7   12:26    53.8   05:43     08.0     00.0   00.08   00.5     11.5    09:28     NNW
09    52.1   057.9   12:43    47.6   22:50     12.8     00.0   00.25   00.9     14.9    18:22     NNE
10    51.2   057.7   14:14    47.4   00:00     13.8     00.0   00.25   01.7     17.3    05:21     ESE
11    54.6   066.6   17:22    46.1   05:56     10.3     00.0   00.00   01.2     11.5    15:34     WSW
12    57.6   068.5   15:43    42.8   05:29     07.4     00.0   00.00   01.3     11.5    14:03      W 
13    55.8   064.0   14:23    50.8   05:09     09.2     00.0   00.54   01.5     18.4    12:22      SW
14    54.8   063.8   18:32    49.0   00:00     10.1     00.0   00.42   00.9     09.2    13:46     WNW
15    57.3   067.7   20:04    48.9   01:33     07.6     00.0   00.00   01.7     12.7    13:45     WNW
16    58.8   074.0   17:38    45.5   06:29     06.1     00.0   00.00   01.6     12.7    14:44      W 
17    68.7   084.6   17:41    52.2   07:18     00.0     03.8   00.00   02.1     13.8    14:38      W 
18    70.7   085.4   17:29    53.8   06:47     00.0     05.8   00.00   01.6     12.7    16:31      NW
--------------------------------------------------------------------------------------------------------
57.7 (58.3)   85.4  day 18     42.8  day 12   140.7    009.6   01.55   01.3     18.4   day 16     WNW
Min <=  64: 18
Min <=   64: 18
Min <=   0: 18
Max Rain: 0.54 ON 13-06-18
Days of Rain: 6 (> .008in) 4 (> .08in) 0 (> 0.8in)